389251875.
3, 5, 227, 7963
List the prime factors of 3347039.
31, 101, 1069
List the prime factors of 527054111.
17, 31003183
What are the prime factors of 13081282?
2, 311, 21031
What are the prime factors of 611933743?
1373, 445691
What are the prime factors of 836478744?
2, 3, 17, 2050193
What are the prime factors of 2828397?
3, 11, 13, 19, 347
List the prime factors of 340952316.
2, 3, 163, 174311
List the prime factors of 740154373.
7, 73, 1448443
What are the prime factors of 6245373293?
149, 41915257
What are the prime factors of 138042176?
2, 17, 71, 1787
List the prime factors of 174295571.
1451, 120121
List the prime factors of 965624060.
2, 5, 167, 289109
What are the prime factors of 25467499?
25467499
What are the prime factors of 150221105?
5, 1523, 19727
What are the prime factors of 2084639620?
2, 5, 7, 17, 61, 83, 173
List the prime factors of 67274900.
2, 5, 7, 11, 8737
What are the prime factors of 22027886?
2, 17, 59, 79, 139
List the prime factors of 113136575.
5, 4525463
What are the prime factors of 714541272?
2, 3, 307, 96979
List the prime factors of 1050474134.
2, 29, 101, 103, 1741
What are the prime factors of 2857256329?
31, 1447, 63697
List the prime factors of 239061277.
7, 13, 2627047
What are the prime factors of 1887026841?
3, 7, 263, 37963
What are the prime factors of 156020253?
3, 52006751
List the prime factors of 588516889.
1303, 451663
List the prime factors of 504422904.
2, 3, 21017621
What are the prime factors of 207422904?
2, 3, 13, 293, 2269
List the prime factors of 49206450.
2, 3, 5, 328043
What are the prime factors of 213908548?
2, 7, 113, 67607
List the prime factors of 1808960323.
401, 4511123
What are the prime factors of 1306322414?
2, 2999, 217793
List the prime factors of 30565672.
2, 3820709
What are the prime factors of 349211016?
2, 3, 7, 11, 62989
What are the prime factors of 149948239?
7, 21421177
What are the prime factors of 33007644?
2, 3, 916879
List the prime factors of 2531573370.
2, 3, 5, 28128593
List the prime factors of 1589917682.
2, 19, 103, 401, 1013
List the prime factors of 124808078.
2, 62404039
What are the prime factors of 3758260083?
3, 6131, 204331
List the prime factors of 148519049.
7, 3031001
List the prime factors of 249637134.
2, 3, 41606189
List the prime factors of 21698031.
3, 389, 18593
What are the prime factors of 2160508206?
2, 3, 17, 21181453
List the prime factors of 450588134.
2, 239, 942653
What are the prime factors of 38297492?
2, 9574373
List the prime factors of 70818332.
2, 13, 241, 5651
What are the prime factors of 3464836897?
41, 84508217
What are the prime factors of 79227637?
139, 569983
What are the prime factors of 33877838?
2, 17, 996407
List the prime factors of 234889840.
2, 5, 487, 6029
What are the prime factors of 7462079712?
2, 3, 199, 130201
List the prime factors of 1826794120.
2, 5, 47, 971699
List the prime factors of 87877006.
2, 7, 137, 45817
List the prime factors of 2481323989.
2481323989
What are the prime factors of 555972302?
2, 1801, 154351
List the prime factors of 385951448.
2, 263, 183437
List the prime factors of 201546412.
2, 50386603
List the prime factors of 3002088737.
3002088737
What are the prime factors of 8235331?
13, 633487
List the prime factors of 53173550.
2, 5, 1063471
What are the prime factors of 803263856?
2, 1621, 30971
List the prime factors of 118674579.
3, 53, 223, 3347
What are the prime factors of 1840506623?
199, 1811, 5107
What are the prime factors of 276023679?
3, 17, 5412229
What are the prime factors of 2959214474?
2, 1479607237
List the prime factors of 3442324181.
613, 5615537
What are the prime factors of 318291038?
2, 13, 619, 19777
List the prime factors of 778207350.
2, 3, 5, 479, 10831
List the prime factors of 209670969.
3, 61, 1145743
List the prime factors of 546536317.
546536317
List the prime factors of 42963621.
3, 14321207
What are the prime factors of 5372856731?
11, 488441521
What are the prime factors of 2930487683?
2930487683
What are the prime factors of 148886567?
23, 6473329
List the prime factors of 38772478.
2, 17, 29, 39323
What are the prime factors of 858640688?
2, 59, 909577
List the prime factors of 2912748276.
2, 3, 43, 5644861
List the prime factors of 727621674.
2, 3, 13, 593, 15731
What are the prime factors of 196373352?
2, 3, 7, 83, 14083
List the prime factors of 29063379.
3, 9687793
What are the prime factors of 79568203?
11, 13, 431, 1291
What are the prime factors of 67183645?
5, 1879, 7151
What are the prime factors of 2849731725?
3, 5, 37996423
What are the prime factors of 98163437?
98163437
What are the prime factors of 352347449?
947, 372067
What are the prime factors of 15779195?
5, 3155839
What are the prime factors of 10130987?
547, 18521
List the prime factors of 31518500.
2, 5, 13, 373
List the prime factors of 49645044.
2, 3, 1379029
What are the prime factors of 453084723?
3, 7, 13, 79031
List the prime factors of 80726671.
80726671
List the prime factors of 4946840.
2, 5, 19, 23, 283
What are the prime factors of 39165004?
2, 19, 41, 12569
What are the prime factors of 489602275?
5, 19584091
What are the prime factors of 1403518550?
2, 5, 7, 59, 67967
What are the prime factors of 21778256?
2, 19, 71, 1009
List the prime factors of 38014305.
3, 5, 7, 47, 7703
What are the prime factors of 78875108?
2, 13, 1516829
What are the prime factors of 133054161?
3, 67, 661961
What are the prime factors of 93705557?
11, 43, 198109
What are the prime factors of 3994723?
3994723
List the prime factors of 4387773033.
3, 7, 1201, 57991
What are the prime factors of 3631186363?
7, 518740909
List the prime factors of 199541446.
2, 13, 2293, 3347
List the prime factors of 9136025.
5, 365441
List the prime factors of 48806385.
3, 5, 109, 29851
What are the prime factors of 169033098?
2, 3, 13, 2167091
What are the prime factors of 462311289?
3, 11, 4669811
List the prime factors of 610754947.
11, 1493, 37189
List the prime factors of 2098377610.
2, 5, 7, 29976823
What are the prime factors of 193503978?
2, 3, 89, 13421
What are the prime factors of 734247710?
2, 5, 7, 31, 563, 601
List the prime factors of 68793910.
2, 5, 1523, 4517
List the prime factors of 1440199708.
2, 4297, 83791
What are the prime factors of 208346926?
2, 23, 37, 163, 751
What are the prime factors of 277726336?
2, 43, 50459
List the prime factors of 302192065.
5, 7, 1233437
List the prime factors of 598123427.
11, 17, 911, 3511
List the prime factors of 2145184786.
2, 1072592393
List the prime factors of 249804243.
3, 13, 43, 613
List the prime factors of 222586010.
2, 5, 211, 105491
What are the prime factors of 23130067?
23130067
What are the prime factors of 98410592?
2, 7, 461, 953
What are the prime factors of 16851910?
2, 5, 31, 54361
List the prime factors of 153574018.
2, 13, 454361
What are the prime factors of 20426617?
257, 79481
List the prime factors of 149123855.
5, 29824771
What are the prime factors of 1195062909?
3, 293, 1359571
What are the prime factors of 35016425?
5, 691, 2027
List the prime factors of 1564093159.
1564093159
List the prime factors of 427448760.
2, 3, 5, 389, 9157
List the prime factors of 9607994.
2, 11, 436727
List the prime factors of 377776664.
2, 31, 1523293
What are the prime factors of 145424908?
2, 29, 881, 1423
List the prime factors of 151157546.
2, 47, 557, 2887
List the prime factors of 134369404.
2, 13, 23, 112349
List the prime factors of 53351841.
3, 17783947
What are the prime factors of 39904988?
2, 9976247
List the prime factors of 9509861.
19, 500519
What are the prime factors of 425652796?
2, 106413199
List the prime factors of 717421327.
7, 67, 1529683
List the prime factors of 58481787.
3, 7, 13, 214219
What are the prime factors of 2225750282?
2, 7, 167, 613, 1553
List the prime factors of 1729041796.
2, 432260449
List the prime factors of 347519946.
2, 3, 57919991
List the prime factors of 1034458458.
2, 3, 11, 19, 103, 8009
What are the prime factors of 32521728?
2, 3, 31, 683
List the prime factors of 332331673.
131, 461, 5503
What are the prime factors of 368835156?
2, 3, 10245421
List the prime factors of 974848211.
193, 293, 17239
What are the prime factors of 2630783488?
2, 29, 163, 1087
List the prime factor